h. Suppose 2*s = -5*n + 653, -5*s + 222 = -3*n + 620. Let z = n + -51. Calculate the greatest common divisor of z and h.
10
Suppose 142*t - 111*t + 147*t - 3382 = 0. Let i(s) = -s**3 - 3*s**2 + 8*s - 3. Let b be i(-6). Calculate the greatest common divisor of t and b.
19
Let v be 19/((-152)/(-864)) - 3. What is the greatest common factor of 45 and v?
15
Let g = -57 - -98. What is the highest common divisor of g and 861?
41
Let x = -121 - -89. Let h = 43 - x. Calculate the greatest common factor of 30 and h.
15
Let i(a) = -a**2 + 25*a + 77. Let s be i(22). What is the highest common factor of 11 and s?
11
Let a = 141 + -81. Let h be (a/(-14))/(21/(-98)). What is the highest common factor of 4 and h?
4
Let g be (-4 - (1 - -32))*(-88)/8. Calculate the greatest common divisor of g and 11.
11
Let h(x) = 2*x**3 - 36*x**2 + 36*x + 43. Let p be h(17). What is the highest common divisor of p and 7?
7
Let r = -41 - -27. Let a = 40 + -7. Let i = r + a. Calculate the greatest common factor of i and 95.
19
Suppose -2*x = 5*c + 25, -2*c + c = -5*x - 22. Let k be ((-9)/3 - x) + 4. Calculate the highest common factor of k and 30.
6
Suppose -88 = -4*r + 2*q + 2*q, -54 = -2*r + 4*q. Let n = r + -6. Let d be (1386/27)/(12/18). What is the highest common divisor of d and n?
11
Suppose 3*a + 3*k - 17 = -5, -5*k = 3*a - 6. Calculate the greatest common factor of a and 413.
7
Suppose -6910 + 1385 = -17*c. Calculate the highest common divisor of c and 100.
25
Let t be 5/(-20) - 11063/(-92). What is the highest common divisor of 136 and t?
8
Suppose 0 = 4*z - s - 102 - 1118, -4*s + 1546 = 5*z. What is the greatest common divisor of 54 and z?
18
Suppose o - 2238 = -5*d + 3560, 4*d - o = 4633. What is the greatest common divisor of d and 61?
61
Suppose -5*c + 5*d = -500, 203 = 2*c - 6*d + d. Let b be 10 - (-2 + 12/4). What is the greatest common factor of b and c?
9
Let z be (360/210)/(3/21). Calculate the greatest common factor of 864 and z.
12
Let j(y) = 6*y + 51. Let l be j(-5). What is the greatest common divisor of l and 105?
21
Let l be (0 + 2)/((-2)/(-154)). Let w = 23 - 27. Let v be w/(-10) - (-2052)/95. Calculate the greatest common factor of v and l.
22
Let n(o) = -3*o**2 + 25*o - 1. Let q be n(8). What is the greatest common factor of q and 63?
7
Let v(q) = 2*q**2 + q - 51. Let x be v(7). Calculate the greatest common factor of x and 12.
6
Suppose -3*y + 7*y - 20 = 0. Suppose 0 = -5*t + 4*v + 25, -3*t = y*v - v - 15. What is the highest common factor of 15 and t?
5
Suppose -3*a = 5*u - 89, 4*a + 56 - 4 = 4*u. Let g be (-2)/(u/(-4))*(-2 - -12). Calculate the highest common factor of g and 2.
1
Let v be 1174/14 + (-42)/(-294). Let m be (-492)/(-9) + (-1)/(-3). Suppose 2*y = -10, 5*d - 2*y - m = -3*y. Calculate the greatest common divisor of v and d.
12
Let u(g) = 18*g - 10. Let x be u(3). Let h(f) = 7*f**2 + f + 2. Let k be h(-4). What is the greatest common divisor of k and x?
22
Let j(x) = 2*x**2 - 5*x + 6. Let m be j(8). Let d = m - 58. Let i(g) = 6*g - 45. Let f be i(9). Calculate the highest common divisor of f and d.
9
Let j be (-12)/(1 - 4)*1/4. Suppose -2*a - j = -c - 47, -4*a = 2*c - 76. What is the greatest common factor of a and 21?
21
Let r(j) = j**2 - j - 4. Let o be r(-2). Suppose 3*g = -4*u + 25, -g - o = -2*u + 3. Let w = 44 + -11. Calculate the greatest common factor of g and w.
3
Let z = -680 + 834. Let c(n) = -n**3 + 9*n**2 + 3*n - 13. Let k be c(9). What is the greatest common factor of z and k?
14
Let o = -8 - -16. Let a(h) = h + 4. Let q be a(12). What is the highest common factor of q and o?
8
Let j(d) = 21*d**2 - 31*d - 40. Let w be j(-6). What is the greatest common divisor of w and 11?
11
Let k be (-6)/(-3) + (-3 - 0). Let b = 0 - k. Let p = 7 + -5. What is the highest common divisor of b and p?
1
Suppose 8 + 24 = g. Let f = -89 + 92. Let s be (226 - f) + (-3 - -6 - 2). Calculate the highest common divisor of s and g.
32
Suppose -5*l - 9*l + 1274 = 0. Calculate the highest common factor of l and 247.
13
Let a = 15 - 11. Suppose -3*u + 25 = -2*z - 10, -3*z = a*u - 41. Let n(s) = s**3 - 6*s**2 + s - 12. Let w be n(7). What is the highest common factor of w and u?
11
Let y(i) = i - 11. Let l be y(16). Let o be 21/(-9)*l*-3. Calculate the greatest common factor of o and 21.
7
Let f(r) = 2*r**2 + 20*r - 28. Let o be f(2). Let g be 2/(-4) + (-21)/(-2). What is the highest common factor of g and o?
10
Let r(c) = 2*c + 14. Suppose -2*b = -4*b. Suppose 4*x + 2*t = 32, b = 3*t + 2*t - 10. Let k be r(x). Calculate the highest common factor of 14 and k.
14
Let s be 9/(2*2/(-12)). Let p be (-7 - s)/((-4)/(-10)). Suppose -4*i + 22 = -p. What is the highest common divisor of 54 and i?
18
Suppose 3*k = k + 8. Let q be ((-24)/30)/(2/(-10)). Suppose 795 = 3*p - k*m + 197, 0 = -q*m - 4. Calculate the highest common factor of 18 and p.
18
Let w be 3/(2/(116/6)) + 8. Suppose -2*h - 4*q + 62 = 0, 0*h + q + 77 = 2*h. What is the highest common factor of h and w?
37
Suppose -2*a = 2*a - 16. Suppose -y + 5 = a*y. Let v be (2*14 - y) + -1. What is the greatest common factor of 13 and v?
13
Suppose -3*i - 4 = -1. Let y = 3 + i. Let k = 0 - -4. What is the greatest common factor of y and k?
2
Let y be ((-472)/(-152) - 3)*19. Calculate the greatest common divisor of y and 98.
2
Let p(u) = 46*u**2 + 7*u. Let c be p(3). Suppose c + 125 = 5*d + 5*h, 3*h = 6. Calculate the highest common divisor of 44 and d.
22
Let f(o) = 65*o**2 + 353*o + 6. Let s be f(-6). Calculate the greatest common factor of 36 and s.
12
Suppose -5*s - 8 = 5*b - 218, -2*s = 5*b - 99. Let m(g) = -g**2 - g + 5 + 3*g + s. Let j be m(0). What is the greatest common factor of j and 63?
21
Suppose 7*u - 239 = 2407. Calculate the greatest common factor of 28 and u.
14
Let s(n) = -79*n - 610. Let k be s(-8). Calculate the highest common divisor of 1166 and k.
22
Suppose -v + 5*m - 1 = -20, -12 = 4*m. Suppose d - 20 = -v*d. Suppose d*u = 114 - 18. What is the greatest common factor of u and 8?
8
Let z be 96/9 - 2/3. Suppose -1 - z = -c. Let b = 7 + 15. Calculate the greatest common factor of b and c.
11
Suppose -7*b + 124 + 37 = 0. What is the highest common divisor of b and 161?
23
Let r = -74 + 132. Let i = 86 - r. Calculate the highest common factor of 14 and i.
14
Let j = 664 + -354. Calculate the highest common divisor of 124 and j.
62
Let x(b) = -b**3 + 6*b**2 - 6*b - 5. Let m be x(4). What is the highest common factor of m and 237?
3
Let r(v) = -4*v + 3*v + 8 + 0. Let h be r(-8). Suppose 2*k - 5*k = -72. What is the greatest common factor of k and h?
8
Suppose 0 = 79*o - 71*o - 384. What is the highest common factor of o and 112?
16
Let p(r) = 150 + 28 + 10 + r - 2. Let u be p(0). Let b = -126 + u. What is the greatest common divisor of b and 24?
12
Suppose 12*j = 833 - 113. What is the highest common factor of 220 and j?
20
Suppose 3*d = 3*j - 8*j + 1, 23 = 5*d + 3*j. Let v be 0 + 53 + 2 - -1. Calculate the highest common factor of v and d.
7
Let j = 5 - 0. Suppose 0 = -4*b + 20, 0 = -j*p + b + 2*b - 205. Let o = p - -60. Calculate the highest common divisor of o and 11.
11
Suppose s = 87 - 34. Suppose -3*r = b - 33, s = 4*b + 5*r - 51. What is the greatest common divisor of 14 and b?
7
Suppose 15*b - 14*b - 3*q = 1212, 3*q = -3*b + 3648. What is the highest common divisor of b and 135?
135
Let g = -40 + 46. Suppose 0 = -g*u + u + 125. What is the highest common factor of u and 275?
25
Let x = -68 + 76. What is the highest common factor of x and 216?
8
Let z(u) = -108 - 25 + 14*u + 110. Let l = -12 + 22. Let a be z(l). What is the greatest common divisor of 13 and a?
13
Let t = -17 - -23. Suppose 9*j - 11*j + t = 0. Let w be (1 - -1)/(2 + -1). What is the greatest common factor of w and j?
1
Suppose -12 = 4*k, 3618 = 4*q + q - k. What is the highest common factor of q and 3?
3
Suppose 0 = 3*s + 6 - 18, 5*s - 23 = -3*r. Let w be 8 + (-16)/4 + r. What is the highest common factor of w and 20?
5
Let l(o) = -o**3 - 4*o**2 + 11*o + 35. Let t be l(-5). What is the greatest common divisor of 155 and t?
5
Let s be 2/(-4)*2 - 3. Let h be (-6)/(-12) - 2/s. Let v = h - -13. What is the greatest common divisor of 28 and v?
14
Suppose 0 = -3*r + 4*a + 353 - 114, -4*a - 401 = -5*r. Let w = -75 + r. Calcul